{"id":105,"date":"2023-09-20T23:45:02","date_gmt":"2023-09-21T02:45:02","guid":{"rendered":"https:\/\/www.originalcertificadora.com.br\/?post_type=product&#038;p=105"},"modified":"2023-09-21T14:17:16","modified_gmt":"2023-09-21T17:17:16","slug":"e-cnpj-a3","status":"publish","type":"product","link":"https:\/\/projetosweb.art.br\/marcondigital\/produto\/e-cnpj-a3\/","title":{"rendered":"e-CNPJ A3"},"content":{"rendered":"<p><strong>Emiss\u00e3o do Certificado:<\/strong> Emiss\u00e3o Presencial<\/p>\n<p><strong>Validade:<\/strong> 1 ano, 2 anos e 3 anos (escolha a validade desejada)<\/p>\n<p>Esse certificado digital \u00e9 um e-CNPJ A3. \u00c9 indicado para identificar uma empresa atrav\u00e9s de seu representante legal perante a Receita Federal e busca uma solu\u00e7\u00e3o completa para uso do certificado. IMPORTANTE: Para esse certificado \u00e9 necess\u00e1rio possuir um cart\u00e3o ou token aderente a legisla\u00e7\u00e3o da ICP-Brasil para armazenamento do Certificado Digital.<\/p>\n<p>No momento da apresenta\u00e7\u00e3o dos documentos, verifique com o Agente de Registro se a m\u00eddia (cart\u00e3o ou etoken) \u00e9 apta para emitir em nossos sistemas.<\/p>\n","protected":false},"excerpt":{"rendered":"<p>Emiss\u00e3o do Certificado: Emiss\u00e3o Presencial Validade: 1 ano, 2 anos e 3 anos (escolha a validade desejada) Esse certificado digital \u00e9 um e-CNPJ A3. \u00c9 indicado<span class=\"excerpt-hellip\"> [\u2026]<\/span><\/p>\n","protected":false},"featured_media":347,"template":"","meta":[],"product_cat":[17],"product_tag":[],"_links":{"self":[{"href":"https:\/\/projetosweb.art.br\/marcondigital\/wp-json\/wp\/v2\/product\/105"}],"collection":[{"href":"https:\/\/projetosweb.art.br\/marcondigital\/wp-json\/wp\/v2\/product"}],"about":[{"href":"https:\/\/projetosweb.art.br\/marcondigital\/wp-json\/wp\/v2\/types\/product"}],"wp:featuredmedia":[{"embeddable":true,"href":"https:\/\/projetosweb.art.br\/marcondigital\/wp-json\/wp\/v2\/media\/347"}],"wp:attachment":[{"href":"https:\/\/projetosweb.art.br\/marcondigital\/wp-json\/wp\/v2\/media?parent=105"}],"wp:term":[{"taxonomy":"product_cat","embeddable":true,"href":"https:\/\/projetosweb.art.br\/marcondigital\/wp-json\/wp\/v2\/product_cat?post=105"},{"taxonomy":"product_tag","embeddable":true,"href":"https:\/\/projetosweb.art.br\/marcondigital\/wp-json\/wp\/v2\/product_tag?post=105"}],"curies":[{"name":"wp","href":"https:\/\/api.w.org\/{rel}","templated":true}]}}