{"id":130,"date":"2023-09-20T23:45:02","date_gmt":"2023-09-21T02:45:02","guid":{"rendered":"https:\/\/www.originalcertificadora.com.br\/?post_type=product&#038;p=130"},"modified":"2023-09-21T14:25:08","modified_gmt":"2023-09-21T17:25:08","slug":"e-cpf-a3","status":"publish","type":"product","link":"https:\/\/projetosweb.art.br\/marcondigital\/produto\/e-cpf-a3\/","title":{"rendered":"e-CPF A3"},"content":{"rendered":"<p><strong>Emiss\u00e3o do Certificado:<\/strong> Emiss\u00e3o Presencial<\/p>\n<p><strong>Validade:<\/strong> 1 ano, 2 anos e 3 anos (escolha a validade desejada)<\/p>\n<p>Esse certificado digital \u00e9 um e-CPF A3, ideal para funcion\u00e1rio Pessoa F\u00edsica que cuide de folha de pagamento e obriga\u00e7\u00f5es trabalhistas da empresa e que precise se identificar e receber procura\u00e7\u00e3o dentro do canal do Conectividade Social ICP.<\/p>\n<p>IMPORTANTE: \u00c9 necess\u00e1rio j\u00e1 possuir cart\u00e3o ou token aderente a legisla\u00e7\u00e3o da ICP-Brasil para armazenamento do Certificado Digital.<\/p>\n","protected":false},"excerpt":{"rendered":"<p>Emiss\u00e3o do Certificado: Emiss\u00e3o Presencial Validade: 1 ano, 2 anos e 3 anos (escolha a validade desejada) Esse certificado digital \u00e9 um e-CPF A3, ideal para<span class=\"excerpt-hellip\"> [\u2026]<\/span><\/p>\n","protected":false},"featured_media":348,"template":"","meta":[],"product_cat":[18],"product_tag":[],"_links":{"self":[{"href":"https:\/\/projetosweb.art.br\/marcondigital\/wp-json\/wp\/v2\/product\/130"}],"collection":[{"href":"https:\/\/projetosweb.art.br\/marcondigital\/wp-json\/wp\/v2\/product"}],"about":[{"href":"https:\/\/projetosweb.art.br\/marcondigital\/wp-json\/wp\/v2\/types\/product"}],"wp:featuredmedia":[{"embeddable":true,"href":"https:\/\/projetosweb.art.br\/marcondigital\/wp-json\/wp\/v2\/media\/348"}],"wp:attachment":[{"href":"https:\/\/projetosweb.art.br\/marcondigital\/wp-json\/wp\/v2\/media?parent=130"}],"wp:term":[{"taxonomy":"product_cat","embeddable":true,"href":"https:\/\/projetosweb.art.br\/marcondigital\/wp-json\/wp\/v2\/product_cat?post=130"},{"taxonomy":"product_tag","embeddable":true,"href":"https:\/\/projetosweb.art.br\/marcondigital\/wp-json\/wp\/v2\/product_tag?post=130"}],"curies":[{"name":"wp","href":"https:\/\/api.w.org\/{rel}","templated":true}]}}